undreds digit of l?
1
Let n(h) = 17*h + 12. Let w be n(-8). Let q be (-7)/21 + 0 - (-6)/(-9). What is the units digit of 1/(q/w)*(-8)/(-16)?
2
Let z(q) = 29*q - 81. Let t(a) = -14*a + 41. Let l(n) = -5*t(n) - 3*z(n). Suppose 36*w - 45*w - 1463 = 124*w. What is the hundreds digit of l(w)?
2
Let m(c) = -4*c**3 - 87*c**2 - 924*c - 27. What is the tens digit of m(-17)?
9
What is the thousands digit of -39*(-1252)/18*3?
8
Suppose -3*a - 8 = 46. What is the tens digit of ((-22)/18 - a/81)*-347?
4
Let f be 8/(-10) - (-4 + (-139)/5). Let i(o) = o**3 - 29*o**2 - 32*o - 142. What is the units digit of i(f)?
8
Let n be (-2)/3*(-10 + 4). Let s be -1 + (-1 + n)*-1 + 2594. What is the units digit of s/60 - 1/6?
3
Suppose 0 = 8*i - 55387 + 17251. What is the hundreds digit of i?
7
Let w be (-1)/6*3 - 102/(-4). Suppose 5*z = 3*x - w, x - 6*x - 3*z + 19 = 0. Suppose -7*r = x*r - 1368. What is the hundreds digit of r?
1
Suppose 146 = 8*n - 966. Suppose 0 = 4*x - n + 19. What is the tens digit of x?
3
Let o(p) = 9*p - 68. Let a be o(33). Suppose -3*t + 98 + 133 = 0. Let g = a - t. What is the tens digit of g?
5
Let z = -1492 - -53829. What is the units digit of z?
7
Suppose 0 = 3*p + 4*c - 63893, 0 = -3*p + 5*p - 3*c - 42584. What is the units digit of p?
5
Let u = 192 - 175. Suppose 0 = -u*t + 18*t - 447. What is the tens digit of t?
4
What is the thousands digit of 177 + 50071 - (-44)/2?
0
Let u(o) = o**3 + 8*o**2 + 10*o - 5. Let v be u(-3). Let y(i) = i**2 + 5*i + 51. What is the units digit of y(v)?
1
Let v be (-2)/3*(-1776 + 9). Suppose 4*q + 5*u - 271 = v, q = u + 360. What is the tens digit of q?
6
Let g(h) = -450*h + 123. What is the thousands digit of g(-9)?
4
Let p(c) = 94*c**2 - 31*c + 155. What is the ten thousands digit of p(17)?
2
Suppose -14*v + 29*v - 197384 = 7*v. What is the thousands digit of v?
4
Suppose 0 = 7*y - 1625 - 2659. Suppose -5*k + 3*k = -3*l + y, -2*k - 6 = 0. What is the units digit of l?
2
Suppose 4*o = 2*k - 102, -5*o = -6*o - 3. Suppose -438 = -7*y + k. Let b = -26 + y. What is the tens digit of b?
4
What is the tens digit of ((-5)/45*6)/((-52)/5975190)?
0
Suppose -5*k - 4*k = 5*k. Suppose k = 13*h + 11 - 505. Suppose 454 = 3*g - h. What is the units digit of g?
4
Suppose -k - 216 = -m, 496 = 4*m - 3*k - 364. Let l = m - 208. What is the units digit of l?
4
Let r = -28257 + 71586. What is the thousands digit of r?
3
Let i be (6/5)/((-3)/130). Let w = -55 - i. What is the units digit of w + (7/21)/(2/498)?
0
Let d = 22572 - -533. What is the units digit of d?
5
Let i = 6566 - 591. What is the units digit of i?
5
Let j = -710 - -754. What is the units digit of 14/(-77) + -18462*(-2)/j?
9
Let v(z) = -33*z - 725. What is the thousands digit of v(-63)?
1
Suppose 3*j + 3489 = 594*r - 592*r, 0 = -5*r - 4*j + 8665. What is the thousands digit of r?
1
Suppose -62 = x - 71. Suppose x*m = 16*m - 658. Let h = -6 + m. What is the units digit of h?
8
Let g = -9501 + 19434. What is the thousands digit of g?
9
Suppose -19*n - 26*n = 13*n - 635912. What is the ten thousands digit of n?
1
Let d = 45 + -41. What is the units digit of (-37)/d*-1*52?
1
Let g(v) = v**3 + 11*v**2 - 13*v - 4. Let i be g(-12). Let c be 36/i*(8 + -2). Suppose 0 = 2*b - b - c. What is the tens digit of b?
2
What is the tens digit of (-21538)/(-3) + -15 + (-846)/(-54)?
8
Let j(x) = 3*x**3 + 9*x**2 + 17*x + 2. Let n(t) = -t**3 + 1. Let d(y) = -j(y) - 5*n(y). What is the hundreds digit of d(8)?
3
Let p(f) = -f**2 - 4*f - 1. Let z be p(-2). Suppose -m + 2009 - 402 = z*w, 0 = w + m - 535. Let v = -256 + w. What is the hundreds digit of v?
2
Let i(y) = y**3 - 6*y**2 + 6*y - 25. Let o be i(6). Suppose o*d - 3102 = -5*g + 10*d, -5*g + d = -3098. What is the units digit of g?
0
Suppose -79*l - 4 = -80*l, -36225 = -5*t - 5*l. What is the hundreds digit of t?
2
What is the hundreds digit of ((-610524)/((-90)/15))/((-5 - -3) + 4)?
8
Suppose -2*h + 390 = 5*u, 0 = 2*h + 4*u - 329 - 63. Suppose 4*j = h + 260. What is the units digit of j?
5
Let f(c) = -18*c - 187. Let a be f(-9). What is the units digit of 9/((-45)/a) - 94/(-2)?
2
Let y = -484 + 12023. What is the units digit of y?
9
Let l be 330/180 + 1/6 - -8. What is the units digit of 3 + (l/15)/(12/5022)?
2
Let v be 2/(7/((-105)/6)). Let z(d) = -d**2 - 5*d - 4. Let b be z(v). What is the units digit of (b/(-5))/((-4)/(-30))?
6
Let u(i) = i + 4. Suppose -3*z + 4*l + 5 = 27, -4*z - 29 = -5*l. Let g be u(z). What is the units digit of 1*(64 - (g - -5))?
1
Suppose 4*r + 49*o = 48*o + 286401, -2*r = -o - 143193. What is the ten thousands digit of r?
7
Let w(x) = 4*x**3 - 5*x**2 + 5*x + 6. Let n be w(-4). Let k = -94 - n. What is the units digit of k?
6
Let a(u) = 1614*u - 936. What is the hundreds digit of a(5)?
1
Let b = -5 - -8. Suppose b*q + 3*c + 6 = 0, 2*q - 29 = -q + 4*c. Suppose 444 = -r + q*r - 4*a, -3*a + 247 = r. What is the tens digit of r?
3
Let i = -67383 - -115773. What is the hundreds digit of i?
3
Let f(b) = b - 115 + 244 - 115. Let w be f(-7). What is the hundreds digit of 1/w + (-4 - (-1651)/7)?
2
Suppose 0 = -40*z + 30*z + 40. Suppose -1329 = -4*h - 3*w, 0*h + 2*h + z*w = 672. What is the hundreds digit of h?
3
What is the thousands digit of ((-9)/12 - 9/4)/(-3) + 7758?
7
Suppose 4*h + 240 = 5*v + h, 2*v + 5*h = 127. Let d = v + 223. What is the hundreds digit of d?
2
Let i be (-3 - 9)/(0 - 2/224). Suppose 3*f + 5*r = 2039, 3*f - 2*r = i + 667. What is the units digit of f?
3
Let z(w) = 42 - 26 + 5*w**2 + 0*w + w - 4*w. What is the units digit of z(8)?
2
Suppose -5*h - 3*k - 117 = 167, 48 = -h - 5*k. Let t = h - -499. What is the tens digit of t?
4
Suppose -4*g = 3*q - 68, 2*g + 7 + 15 = 2*q. Suppose 0 = 5*o - 15, 4*w - 7*w = o. What is the tens digit of 48/24*q/w*-2?
6
What is the hundreds digit of 21147/(-14)*22/(-3)?
0
Let m be (-3 + 2 + 3)/(3/(-330)). Suppose s - 4 - 6 = 4*q, -3*q - 15 = 0. What is the tens digit of ((-42)/s)/((-22)/m)?
4
Suppose 64610 = 2*x - 4*j, -904*x - j + 64635 = -902*x. What is the thousands digit of x?
2
Suppose -2*t = 3*c - 22412, 3*c = 5*t + 8*c - 56035. What is the units digit of t?
9
What is the hundreds digit of (25/(-10))/(215/(-4196456))?
7
Let t(m) = m**3 + 7*m**2 - 5*m + 25. Let h be t(-8). Let q(j) = 6*j**2 - 3*j + 3. Let z be q(h). Suppose 643 - 181 = z*d. What is the units digit of d?
7
Let d = 65 + 1. Suppose -d*s - 27 = -63*s. What is the units digit of ((-6)/(-4))/(s/(-1524))?
4
Suppose -43*o + 40 = -39*o. Suppose 35 - o = f. What is the units digit of f?
5
Suppose -z = 4*t - 21137, -74*t + 70*t = 3*z - 63427. What is the ten thousands digit of z?
2
Let r(h) = 247*h + 2. Let k = -104 - -105. What is the tens digit of r(k)?
4
Let b(n) = 2*n**3 + n**2. Let o be b(1). Suppose 0 = -17*h - o*h + 40. Suppose h*f + 677 = 4*q - 545, -602 = -2*q + 4*f. What is the tens digit of q?
0
Let l(p) = -1899*p + 10244. What is the hundreds digit of l(-11)?
1
Suppose -24 = -2*i - 4*i. Suppose -2*b = -i*b + 18. What is the units digit of 46/b + (-10)/90?
5
Suppose 4*x = 331 - 39. Let o be x/(-3) - 4/6. Let s = 77 - o. What is the units digit of s?
2
Let v(w) = w + 17. Let i = 11 + -4. Let d be v(i). What is the units digit of (d/48)/((-1)/(-72))?
6
Let n(s) = 223*s - 579. What is the hundreds digit of n(52)?
0
Let d be 1/7 - (-10013)/(-119). What is the hundreds digit of (63/d)/(3/373)*-4?
3
Let w = 3829 - 525. Let g = -1928 + w. What is the units digit of g?
6
Suppose 0 = -4*f - 3*f + 293937 + 14546. What is the ten thousands digit of f?
4
Suppose -8*l + 4 = -9*l. Let r = l - 34. What is the tens digit of (r + -2)*40/(-32)?
5
Suppose 4*q + 76 + 120 = 0. Let c(a) = -6*a**2 + 3*a + 5. Let z be c(-2). Let b = z - q. What is the tens digit of b?
2
Let v(b) = b**2 + 4*b + 5. Suppose -2*z = 3*z + 15. Let y be v(z). Suppose 5*l = 3*q - 256, -y*l + 144 = -3*q + 5*q. What is the tens digit of q?
7
Let m(o) = o**2 - o + 1. Let a be m(0). Let w be 1166/10 - a/10*6. Let f = -41 + w. What is the units digit of f?
5
Suppose 387*y = 383*y + 57636. What is the hundreds digit of y?
4
Let a(s) = -24*s - 28. Let h be a(-2). Let c(j) = h - 29*j + 3*j**2 - 35 + 14. What is the units digit of c(12)?
3
Suppose -20 = 2*n - 5*o, 8*o - 20 = -5*n + 3*o. Suppose n = 4*l - 5*l + 712. What is the hundreds digit of l?